e 12 = -5*b - 4*q + 1, q + 7 = 3*b. Let l be 6/b + -5 + 2. Suppose k = l*k - 14. What are the prime factors of k?
7
Let x(q) = 82*q**3 + 4*q**2 - 25*q + 55. What are the prime factors of x(3)?
2, 5, 223
Let x(f) = 15*f**3 + 2*f**2 - 12*f - 1. What are the prime factors of x(3)?
2, 193
List the prime factors of (-211383)/(-45) + (-12)/20*-1.
2, 3, 29
Suppose -643 = -211*u + 210*u. What are the prime factors of u?
643
Let q(j) = 67*j - 536. What are the prime factors of q(17)?
3, 67
Suppose 72 = 8*v - 0*v. Let b(r) = -r**3 + r**2 - r - 18. Let h be b(0). List the prime factors of 3 + h*(-6)/v.
3, 5
Suppose 38*i = 74*i - 36360. What are the prime factors of i?
2, 5, 101
Let h(b) = 2*b**3 - 6*b**2 + 3*b + 14. What are the prime factors of h(6)?
2, 31
Let j = -2 + -1. List the prime factors of (24/20)/(j/(-210)).
2, 3, 7
Let c be 4224/(-144) + 2*(-1)/3. Let n = c + 83. What are the prime factors of n?
53
What are the prime factors of (2/(-3))/((-24)/45)*324?
3, 5
Let k(n) = 14*n - 51. List the prime factors of k(5).
19
Suppose h + 16 = 38. Suppose 5*x - 50 = -5*l, x + l - h = -2*x. Suppose 0 = -x*z - 0 + 90. List the prime factors of z.
3, 5
Suppose q - 1263 + 16 = 0. What are the prime factors of q?
29, 43
Suppose 43*g = 40*g + 1449. List the prime factors of g.
3, 7, 23
List the prime factors of (48/(-100)*-20)/((-6)/(-555)).
2, 3, 37
Let q(y) = 2*y**3 + 4 + 1 + 7*y - 5 - 7*y**2. Let w be q(5). Suppose -5*g - 5 = -w. What are the prime factors of g?
3, 7
Suppose 0 = -17*l + 7931 + 58063. What are the prime factors of l?
2, 3, 647
Let y(o) = 4*o + 7. Let i be y(5). Suppose -3*x + 4*x - i = 0. Suppose 2*k - k = x. What are the prime factors of k?
3
Let f be (-1)/(((-16)/20)/4). Suppose 11*j - 36 = f*j. Let x = j - -3. What are the prime factors of x?
3
Let o(f) = 2*f**2 + 112. What are the prime factors of o(0)?
2, 7
Suppose -3*c + 12 = -15. Let y(t) = -3*t**2 - 13*t - 6. Let j(a) = -a**2 - 1. Let z(b) = 4*j(b) - y(b). List the prime factors of z(c).
2, 19
Suppose -253 = 7*h - 309. List the prime factors of h.
2
Let i(k) = 3*k + 5. Let u be i(-2). Let y(z) be the first derivative of 29*z**3/3 + z**2/2 + 4. List the prime factors of y(u).
2, 7
Let k be ((-10)/2)/((-4)/(-40)). Let z(r) = -r**3 - 8*r**2 - 6*r + 5. Let h be z(-7). What are the prime factors of 2/((-4)/k) - h?
3
Let s(t) = -166*t**3 - t**2 - t - 2. What are the prime factors of s(-1)?
2, 41
Let t be (-1)/((-6)/(-9) + -1). Suppose 2*z - t - 7 = -4*m, 5*z + 15 = 0. Suppose l + 35 = m*r - 51, -36 = -2*r + 4*l. What are the prime factors of r?
2, 11
Let t(x) = 61*x + 13. Let b(g) = -g - 1. Let v(i) = -4*b(i) - t(i). List the prime factors of v(-2).
3, 5, 7
Let t(o) = -o**3 - 3*o**2 + 4*o + 4. Let b be t(-8). Suppose -r - b = -5*r. List the prime factors of r.
73
Suppose -8*q - 1227 = -22339. List the prime factors of q.
7, 13, 29
Suppose -42 = x - 4*x. Let j = x + -12. Suppose -48 = -j*d - d. List the prime factors of d.
2
List the prime factors of ((18 + -2)*1)/((-43)/(-5891)).
2, 137
Suppose 5*c - 6 = 9. Suppose -c*m + 7 = -8. What are the prime factors of m?
5
Let h(w) = -4*w - 6. Let u be h(-3). Let c be -21 + -3 + 1 + u. Let x = -6 - c. What are the prime factors of x?
11
Suppose 7*x - 1177 - 7293 = 0. List the prime factors of x.
2, 5, 11
Suppose -2*s + 11 + 4483 = 0. What are the prime factors of s?
3, 7, 107
Suppose -4*r + 0*u + 2316 = -5*u, -4*r + 2316 = -u. List the prime factors of r.
3, 193
Let i = 6 - 2. Suppose i*y - 110 = -y. Suppose 0 = -k - k + y. What are the prime factors of k?
11
Suppose 2*b - 55 = -w + 4*b, 2*w - b - 104 = 0. What are the prime factors of w?
3, 17
Suppose -3*v + 2*v + 2*d = 6, 5*v + 6 = 4*d. Suppose -v*h + 5*h - 182 = -5*c, 0 = h - 5*c - 54. What are the prime factors of h?
59
Suppose -3*x + 2236 = 3*h - 5*h, -6 = 3*h. Suppose x = 4*t + 2*t. List the prime factors of t.
2, 31
Let w(c) = -c**3 - 6*c**2 - 10*c - 11. Let x = 53 - 60. List the prime factors of w(x).
2, 3
Suppose -h + 3 = -5*k + 24, k + 4*h = 0. Suppose 4*q = 3*t + 406, k*q - 96 - 314 = 5*t. What are the prime factors of q?
2, 5
Let h(x) = -6*x - 16. Let i = 27 + -52. What are the prime factors of h(i)?
2, 67
Let d be (2*1)/(22/1364). List the prime factors of 12/42 - d/(-7).
2, 3
Let d be (1 + -2)*(-20 + 19). Suppose 4*c - 1 = 7. Suppose 17 - d = c*b. What are the prime factors of b?
2
Suppose 0 = 8*z - 28407 + 1527. List the prime factors of z.
2, 3, 5, 7
Let q(a) be the first derivative of -a**3/3 + 21*a**2/2 + 18*a - 23. What are the prime factors of q(14)?
2, 29
Suppose h = -s + 6, 3*s + 9*h = 4*h + 22. Suppose -5*t + 35 = -s*q, 5*q - 12 = -t - 34. Suppose 0 = -3*d + t*a + 51, 5*a = d - 17. List the prime factors of d.
17
Let m = 2555 - -2018. List the prime factors of m.
17, 269
Let f be 1 - 2 - -3 - -75. Suppose 116 = 5*b + s, 5*b - 40 = -2*s + f. Suppose 0 = g - b. What are the prime factors of g?
23
Suppose 12 = 4*c - c. Suppose 2*w - 16 = -c*x, -x + 2*w = x - 8. What are the prime factors of x + -1 - -6 - -2?
11
Suppose 4*g = -70 + 346. Let f = 38 + g. List the prime factors of f.
107
Suppose 2*g - 2*b - 26 = 3*b, -5*b - 32 = -4*g. Suppose 4*r - 496 = -r + 3*a, 2*r + g*a - 190 = 0. What are the prime factors of r?
2, 7
Suppose 4*k - 5 = -5*n, -3*k + 3*n - 3 = -0*n. Suppose 6*t - 724 + 208 = k. List the prime factors of t.
2, 43
Let n(g) = g**2 + 4*g - 2. Let w be n(-5). Suppose 4*s - 85 = i, w*s = 5*i - i + 67. Let a = 44 - s. List the prime factors of a.
23
Let l be 205/(-5) - (-5 + 2). Let j be l/(-9) + (-2)/9. Suppose 0*b - 16 = 4*b, 0 = 5*m - j*b - 41. List the prime factors of m.
5
Suppose 0 = -4*n - 4*n - 224. Let d = n + 1. List the prime factors of (d/(-18))/(6/112).
2, 7
Let t(l) be the third derivative of 5*l**4/24 - l**3/6 - 5*l**2. Let b be t(1). Suppose -5*k + 0*k + 83 = q, -b*k + 5*q = -78. List the prime factors of k.
17
Let a(c) = -c**3 - 5*c**2 - 9*c + 82. List the prime factors of a(-13).
3, 11, 47
Let y be (15/(-2))/(4/8). Let d = -15 - y. List the prime factors of 2 + d + (-4)/(-2).
2
Let x = -49 + 54. Let u = x - -33. What are the prime factors of u?
2, 19
Let u = 1892 - 884. List the prime factors of u.
2, 3, 7
List the prime factors of ((-7)/(210/(-12)))/((-1)/(-3585)).
2, 3, 239
Let u = 605 - 230. What are the prime factors of u?
3, 5
Suppose -h - u = -4 - 5, 0 = -2*u + 8. Suppose h*r + 386 = 3*f - 201, 0 = r + 2*f + 107. Let i = -60 - r. List the prime factors of i.
5, 11
Suppose -11 = -3*z - 5. Suppose m + 200 = 5*s, -z*s = -3*m - 100 + 33. List the prime factors of s.
41
Suppose -3*a + 5*m = -550, -3*a + 0*m + 2*m + 535 = 0. List the prime factors of a.
5, 7
Suppose 0 = 5*u - u - 220. Suppose h - 7*b = -2*b - 12, 0 = 5*h - 2*b - u. What are the prime factors of (-19 + h)/(6/(-8))?
2
Let o = 152 - 76. What are the prime factors of (o/(-8))/((-1)/8)?
2, 19
Suppose x + 2 = 2*b, 2*b + 18 = 6*b + 5*x. Suppose b*w = 2*y - 474, 9*w - 4*w = 4*y - 945. List the prime factors of y.
2, 3, 5
Suppose -4*c + 6*c + 20 = 0. Let q = 15 + c. Suppose 0 = -q*d - 22 + 57. What are the prime factors of d?
7
Suppose -10*b = -12*b - 28. Suppose -4*x - c + 236 = 0, -x + 5*x - 236 = -2*c. Let d = x + b. List the prime factors of d.
3, 5
Let n(y) = -3*y + y + 167*y**2 - y**3 - 169*y**2. What are the prime factors of n(-3)?
3, 5
Let b = 38 - 35. Suppose -560 = -b*k - 4*k. What are the prime factors of k?
2, 5
Let a = -130 + 613. What are the prime factors of a?
3, 7, 23
Suppose -3*a + 13 = 7, 2*b - 4204 = 3*a. What are the prime factors of b?
5, 421
Let g(k) = 2*k - 6. Let d be g(4). Suppose -19*h + d = -18*h. Suppose -h*o = -2*t + 54, -t + 43 = -3*o - 2*o. What are the prime factors of t?
23
Let p be (-20)/(-8)*(-6)/(-5). Suppose p*m + 2*m - 454 = -q, q - 184 = -2*m. What are the prime factors of m?
2, 3, 5
Let l(v) be the second derivative of -v**3/3 + 5*v. Let m be l(-1). Suppose -m*n = -0*n - 30. What are the prime factors of n?
3, 5
Let j be (110/6)/(5/(0 + 15)). Suppose 5*z = 750 - j. List the prime factors of z.
139
Suppose 22*u + 4*u = 8528. What are the prime factors of u?
2, 41
Suppose 3*k = 5*v + 2480, 0 = -k + 3*k - 2*v - 1660. Suppose n = 6*n - k. List the prime factors of n.
167
Let t be 4 + 11/4 + 1/4. Suppose -20 = -t*d + 246. What are the prime factors of d?
2,